
Convert -26 (base 16) to base 5.
-123
a (base 11) to base 3
101
What is -2 (base 10) in base 8?
-2
What is -221 (base 7) in base 12?
-95
5 (base 16) to base 5
10
Convert -245 (base 6) to base 7.
-203
What is -15 (base 13) in base 2?
-10010
Convert 96 (base 12) to base 13.
8a
11201 (base 3) to base 2
1111111
-1 (base 3) to base 8
-1
What is -10 (base 5) in base 7?
-5
Convert -4 (base 13) to base 6.
-4
What is 10 (base 5) in base 8?
5
0 (base 7) to base 3
0
18 (base 13) to base 3
210
What is b2 (base 13) in base 5?
1040
33 (base 5) to base 14
14
13 (base 7) to base 13
a
235 (base 8) to base 11
133
0 (base 2) to base 9
0
64 (base 7) to base 13
37
3 (base 9) to base 7
3
What is 21 (base 3) in base 6?
11
10 (base 3) to base 11
3
Convert 0 (base 13) to base 16.
0
Convert -4 (base 16) to base 15.
-4
Convert 195 (base 12) to base 14.
145
-111010 (base 2) to base 9
-64
What is -62 (base 15) in base 13?
-71
5 (base 14) to base 5
10
Convert 0 (base 4) to base 11.
0
0 (base 5) to base 2
0
-14 (base 12) to base 10
-16
Convert 2 (base 8) to base 11.
2
Convert -1b (base 12) to base 5.
-43
200 (base 3) to base 14
14
What is -4 (base 8) in base 9?
-4
What is 102 (base 5) in base 8?
33
What is -2 (base 7) in base 8?
-2
What is -1 (base 6) in base 5?
-1
What is -69 (base 12) in base 2?
-1010001
What is 7 (base 11) in base 5?
12
What is 102 (base 5) in base 2?
11011
Convert 414 (base 6) to base 14.
b0
14 (base 8) to base 11
11
Convert -7 (base 12) to base 7.
-10
-15 (base 6) to base 12
-b
Convert -1111111 (base 2) to base 16.
-7f
110 (base 5) to base 12
26
-8 (base 9) to base 11
-8
Convert -3b (base 15) to base 5.
-211
34 (base 10) to base 9
37
What is 0 (base 3) in base 8?
0
Convert 3 (base 6) to base 3.
10
-21 (base 3) to base 12
-7
Convert -7 (base 15) to base 8.
-7
What is 96 (base 14) in base 12?
b0
What is 29 (base 11) in base 9?
34
11 (base 2) to base 3
10
Convert -1 (base 3) to base 4.
-1
What is 4 (base 14) in base 7?
4
What is 1 (base 3) in base 8?
1
Convert 2 (base 3) to base 8.
2
What is -120 (base 4) in base 11?
-22
-33 (base 7) to base 3
-220
Convert 1 (base 6) to base 12.
1
Convert -133 (base 8) to base 12.
-77
What is -1 (base 7) in base 9?
-1
-5 (base 15) to base 13
-5
-113 (base 7) to base 6
-135
What is -2 (base 16) in base 4?
-2
Convert 1131 (base 4) to base 15.
63
225 (base 9) to base 16
b9
Convert 5 (base 12) to base 10.
5
-4b (base 16) to base 4
-1023
42 (base 6) to base 16
1a
-10 (base 13) to base 14
-d
What is -44 (base 8) in base 16?
-24
Convert -135 (base 6) to base 15.
-3e
What is -23 (base 8) in base 16?
-13
Convert -10100 (base 2) to base 4.
-110
Convert -2 (base 12) to base 11.
-2
What is -41 (base 12) in base 14?
-37
4 (base 5) to base 14
4
2c (base 15) to base 2
101010
What is 10 (base 8) in base 9?
8
What is -3 (base 14) in base 10?
-3
What is 11 (base 5) in base 15?
6
Convert 100001110 (base 2) to base 16.
10e
What is -68 (base 9) in base 14?
-46
Convert 3 (base 11) to base 14.
3
What is -100 (base 2) in base 5?
-4
What is -11 (base 3) in base 7?
-4
What is 0 (base 15) in base 12?
0
1 (base 3) to base 6
1
What is 11 (base 7) in base 5?
13
What is 4 (base 9) in base 2?
100
-32 (base 4) to base 15
-e
-1 (base 5) to base 10
-1
What is 6 (base 15) in base 3?
20
-10 (base 2) to base 16
-2
Convert -54 (base 15) to base 13.
-61
What is 3 (base 12) in base 15?
3
-3032 (base 4) to base 16
-ce
Convert -27 (base 12) to base 8.
-37
Convert 29 (base 15) to base 4.
213
5 (base 12) to base 6
5
Convert -15 (base 8) to base 2.
-1101
What is e (base 15) in base 7?
20
What is 1 (base 7) in base 9?
1
Convert 3 (base 9) to base 13.
3
-100 (base 2) to base 14
-4
What is 1 (base 6) in base 4?
1
-10020 (base 3) to base 16
-57
0 (base 3) to base 8
0
Convert -17 (base 14) to base 4.
-111
Convert 6 (base 14) to base 6.
10
Convert 1 (base 12) to base 16.
1
3 (base 7) to base 8
3
3 (base 15) to base 10
3
Convert -12 (base 3) to base 14.
-5
What is -10 (base 8) in base 16?
-8
Convert 3 (base 16) to base 14.
3
What is 2 (base 13) in base 10?
2
Convert -2 (base 7) to base 4.
-2
-16 (base 13) to base 7
-25
1010 (base 4) to base 6
152
What is 10010 (base 2) in base 12?
16
What is 2 (base 6) in base 13?
2
19 (base 16) to base 11
23
Convert 12 (base 8) to base 13.
a
-2 (base 5) to base 4
-2
14 (base 5) to base 14
9
Convert -4 (base 8) to base 4.
-10
Convert 39 (base 12) to base 16.
2d
Convert -101 (base 3) to base 7.
-13
Convert 66 (base 7) to base 12.
40
What is -1b8 (base 12) in base 14?
-164
-32 (base 14) to base 16
-2c
Convert -4 (base 11) to base 7.
-4
Convert -10 (base 4) to base 14.
-4
-7 (base 13) to base 2
-111
What is 2 (base 15) in base 14?
2
1 (base 16) to base 5
1
Convert -40 (base 13) to base 10.
-52
27 (base 14) to base 6
55
-13 (base 15) to base 4
-102
10 (base 3) to base 5
3
10 (base 12) to base 10
12
What is -47 (base 14) in base 7?
-120
Convert -1 (base 5) to base 15.
-1
1 (base 4) to base 16
1
0 (base 12) to base 13
0
Convert 60 (base 16) to base 15.
66
What is -b (base 14) in base 13?
-b
What is 75 (base 12) in base 5?
324
10010 (base 2) to base 9
20
13 (base 4) to base 6
11
-7 (base 12) to base 3
-21
Convert -23 (base 15) to base 2.
-100001
Convert 3 (base 7) to base 10.
3
Convert -143 (base 7) to base 10.
-80
3 (base 10) to base 5
3
What is -13 (base 12) in base 11?
-14
-99 (base 15) to base 12
-100
1 (base 12) to base 10
1
Convert 26 (base 8) to base 6.
34
-30 (base 6) to base 9
-20
What is -202 (base 6) in base 4?
-1022
9 (base 13) to base 9
10
What is -20 (base 9) in base 5?
-33
Convert 2 (base 6) to base 10.
2
What is 3 (base 8) in base 16?
3
Convert 5 (base 7) to base 4.
11
Convert 0 (base 11) to base 14.
0
Convert -3c (base 13) to base 3.
-1220
1011010 (base 2) to base 15
60
What is 24 (base 8) in base 4?
110
Convert -46 (base 7) to base 11.
-31
What is -11 (base 2) in base 13?
-3
What is -1111 (base 2) in base 16?
-f
Convert -1 (base 7) to base 12.
-1
What is 70 (base 9) in base 5?
223
What is 1022 (base 6) in base 3?
22112
-4 (base 6) to base 3
-11
What is 1 (base 6) in base 12?
1
2012 (base 4) to base 8
206
What is 101 (base 3) in base 16?
a
11002 (base 3) to base 12
92
-13 (base 7) to base 2
-1010
-18 (base 9) to base 14
-13
What is -2 (base 12) in base 10?
-2
Convert -43 (base 9) to base 12.
-33
What is 26 (base 10) in base 3?
222
What is -44 (base 9) in base 8?
-50
Convert -1 (base 15) to base 5.
-1
-63 (base 8) to base 3
-1220
-70 (base 15) to base 11
-96
-43 (base 5) to base 12
-1b
Convert -c4 (base 14) to base 13.
-103
What is -11 (base 8) in base 3?
-100
What is -10 (base 6) in base 7?
-6
What is -5 (base 6) in base 11?
-5
What is -13 (base 7) in base 11?
-a
What is -8 (base 12) in base 7?
-11
2 (base 6) to base 16
2
-3 (base 9) to base 4
-3
Convert -154 (base 7) to base 14.
-64
2121 (base 3) to base 8
106
What is -101 (base 6) in base 9?
-41
5 (base 13) to base 12
5
What is 71 (base 13) in base 12?
78
What is 93 (base 16) in base 13?
b4
-a (base 16) to base 6
-14
Convert 5 (base 6) to base 8.
5
What is 0 (base 3) in base 13?
0
-5 (base 13) to base 14
-5
What is 24 (base 5) in base 16?
e
What is -20 (base 13) in base 14?
-1c
What is -70 (base 13) in base 8?
-133
Convert 32 (base 16) to base 10.
50
Convert -15 (base 11) to base 7.
-22
-4 (base 13) to base 16
-4
12 (base 7) to base 11
9
Convert -110 (base 2) to base 16.
-6
Convert -201 (base 3) to base 6.
-31
Convert -21 (base 7) to base 3.
-120
Convert -52 (base 6) to base 14.
-24
What is 25 (base 11) in base 8?
33
Convert 1 (base 12) to base 10.
1
What is 2 (base 8) in base 14?
2
What is -2 (base 3) in base 7?
-2
What is 76 (base 12) in base 3?
10100
-3 (base 16) to base 14
-3
What is -4 (base 16) in base 8?
-4
-11 (base 4) to base 9
-5
What is 1 (base 13) in base 10?
1
-45 (base 14) to base 11
-56
66 (base 16) to base 14
74
Convert 1 (base 14) to base 9.
1
Convert -10 (base 4) to base 8.
-4
Convert 21 (base 3) to base 12.
7
Convert -2 (base 6) to base 2.
-10
-1 (base 15) to base 13
-1
-131 (base 4) to base 8
-35
What is 1c (base 16) in base 12?
24
Convert 56 (base 8) to base 4.
232
Convert 1131 (base 4) to base 11.
85
Convert 2 (base 16) to base 14.
2
What is 1 (base 3) in base 8?
1
Convert 6e (base 15) to base 6.
252
45 (base 9) to base 16
29
2 (base 9) to base 5
2
Co